ite number?
False
Is 187 a composite number?
True
Is 444653 composite?
True
Is 118882 a prime number?
False
Is 33058 prime?
False
Is 36193 prime?
False
Is 12097 prime?
True
Is 35978 prime?
False
Is 280993 a prime number?
False
Is 766286 prime?
False
Is 70687 composite?
False
Is 740039 composite?
True
Is 362521 a prime number?
True
Is 6499 prime?
False
Is 1135711 a composite number?
False
Is 52487 prime?
False
Is 25303 prime?
True
Is 67765 a composite number?
True
Is 51323 composite?
True
Is 376591 a prime number?
False
Is 15217 composite?
False
Is 10219 a prime number?
False
Is 291277 composite?
True
Is 4721 composite?
False
Is 197854 composite?
True
Is 1349 a composite number?
True
Is 16291 prime?
False
Is 158917 composite?
True
Is 111961 a composite number?
True
Is 10243 composite?
False
Is 1303 composite?
False
Is 762211 a prime number?
True
Is 813191 prime?
False
Is 2683 prime?
True
Is 11957 composite?
True
Is 10729 a composite number?
False
Is 34739 composite?
False
Is 6349 a composite number?
True
Is 2833 composite?
False
Is 28639 a composite number?
True
Is 24361 composite?
True
Is 149255 a composite number?
True
Is 164129 a prime number?
False
Is 2560229 prime?
False
Is 1734793 a composite number?
False
Is 255419 prime?
True
Is 10903 composite?
False
Is 81319 a composite number?
True
Is 9293 a composite number?
False
Is 4963 a prime number?
False
Is 59747 a composite number?
False
Is 34403 a prime number?
True
Is 254741 prime?
True
Is 271735 a composite number?
True
Is 30757 prime?
True
Is 377 a composite number?
True
Is 72323 composite?
True
Is 9121 a prime number?
False
Is 2414305 prime?
False
Is 16109 a prime number?
False
Is 16153 a composite number?
True
Is 797 composite?
False
Is 7349 a prime number?
True
Is 51893 prime?
True
Is 42682 composite?
True
Is 20662 prime?
False
Is 15787 prime?
True
Is 5707 a prime number?
False
Is 901231 a prime number?
False
Is 4187 a prime number?
False
Is 1310403 prime?
False
Is 101293 a composite number?
False
Is 26157 prime?
False
Is 88643 composite?
False
Is 15986 a prime number?
False
Is 2729 a composite number?
False
Is 20067 composite?
True
Is 22585 a prime number?
False
Is 54101 a prime number?
True
Is 46589 a prime number?
True
Is 2454719 composite?
False
Is 7349 composite?
False
Is 4751 a prime number?
True
Is 9227 composite?
False
Is 1970951 a prime number?
False
Is 11901 composite?
True
Is 256639 a composite number?
False
Is 1529 prime?
False
Is 74653 composite?
False
Is 509827 a prime number?
False
Is 1141 a composite number?
True
Is 359701 a prime number?
True
Is 68711 a prime number?
True
Is 6079 prime?
True
Is 1523701 a composite number?
False
Is 5257 prime?
False
Is 164117 a prime number?
True
Is 2957753 composite?
False
Is 19735 composite?
True
Is 77681 prime?
True
Is 111467 composite?
False
Is 20287 composite?
False
Is 154937 composite?
False
Is 3272359 a prime number?
True
Is 160309 composite?
False
Is 6385 prime?
False
Is 635255 prime?
False
Is 10421 a composite number?
True
Is 89993 prime?
False
Is 21139 a prime number?
True
Is 1841 a prime number?
False
Is 42505 prime?
False
Is 2157 a prime number?
False
Is 89 a prime number?
True
Is 20701 a prime number?
False
Is 112873 a prime number?
False
Is 2942 composite?
True
Is 12889 a prime number?
True
Is 44417 a prime number?
True
Is 1291 a composite number?
False
Is 6589 composite?
True
Is 211361 a prime number?
False
Is 9179 a prime number?
False
Is 85121 a composite number?
False
Is 71183 a prime number?
False
Is 70799 prime?
False
Is 215795 a prime number?
False
Is 530431 prime?
False
Is 55463 a composite number?
True
Is 15931 composite?
True
Is 65141 a composite number?
False
Is 2483 prime?
False
Is 631 prime?
True
Is 18835 a composite number?
True
Is 450265 a composite number?
True
Is 2665439 prime?
False
Is 251 a composite number?
False
Is 769387 prime?
True
Is 388473 a prime number?
False
Is 14089 a prime number?
False
Is 526 a composite number?
True
Is 117407 a composite number?
True
Is 15193 a composite number?
False
Is 2862601 composite?
True
Is 21583 prime?
False
Is 5711 a composite number?
False
Is 62809 a composite number?
True
Is 869151 a composite number?
True
Is 332615 a composite number?
True
Is 394678 prime?
False
Is 198529 a prime number?
True
Is 23969 composite?
True
Is 94099 a composite number?
False
Is 363133 composite?
True
Is 12373 prime?
True
Is 712093 a prime number?
True
Is 1211369 composite?
True
Is 3809 composite?
True
Is 1985 a composite number?
True
Is 82637 prime?
False
Is 6947 composite?
False
Is 1157 a composite number?
True
Is 24789 a composite number?
True
Is 661321 a composite number?
False
Is 603311 composite?
False
Is 11381 a prime number?
False
Is 132199 composite?
False
Is 10709 composite?
False
Is 34061 composite?
False
Is 4594 prime?
False
Is 655 composite?
True
Is 12401 a composite number?
False
Is 5779 a prime number?
True
Is 1691 a composite number?
True
Is 10369 prime?
True
Is 15487 a prime number?
False
Is 2226695 a composite number?
True
Is 15127 a composite number?
True
Is 5639 a prime number?
True
Is 196247 composite?
False
Is 3811 a composite number?
True
Is 422689 prime?
True
Is 221843 a prime number?
False
Is 13567 a prime number?
True
Is 180863 a composite number?
True
Is 157721 composite?
False
Is 170543 a prime number?
False
Is 1389707 a prime number?
False
Is 2463 a prime number?
False
Is 67927 prime?
True
Is 438091 composite?
False
Is 1032541 composite?
False
Is 14813 prime?
True
Is 3423183 prime?
False
Is 65921 composite?
False
Is 3779891 composite?
False
Is 76803 prime?
False
Is 8438 a composite number?
True
Is 773399 composite?
True
Is 118303 composite?
True
Is 16183 a prime number?
True
Is 21685 a composite number?
True
Is 1259 composite?
False
Is 558563 prime?
True
Is 67922 prime?
False
Is 53871 a composite number?
True
Is 755137 a prime number?
True
Is 5191 a composite number?
True
Is 409097 prime?
False
Is 278211 a composite number?
True
Is 486061 composite?
False
Is 316271 prime?
True
Is 34691 prime?
False
Is 121291 prime?
True
Is 3326 a prime number?
False
Is 68779 a composite number?
True
Is 27215 prime?
False
Is 1187 composite?
False
Is 15907 composite?
False
Is 507283 a prime number?
False
Is 2072581 a composite number?
True
Is 179173 a composite number?
False
Is 14281 composite?
False
Is 114707 a prime number?
False
Is 72613 prime?
True
Is 15619 prime?
True
Is 4561 composite?
False
Is 3299 a composite number?
False
Is 205787 a composite number?
True
Is 145391 a prime number?
True
Is 180998 a composite number?
True
Is 76951 composite?
True
Is 849 a composite number?
True
Is 10221 composite?
True
Is 631357 a prime number?
True
Is 280633 composite?
True
Is 55753 a prime number?
False
Is 949733 composite?
False
Is 655901 composite?
False
Is 171803 a composite number?
False
Is 1024061 composite?
False
Is 3254071 composite?
False
Is 305029 a composite number?
False
Is 9289 composite?
True
Is 50041 a composite number?
True
Is 497 a composite number?
True
Is 30463 prime?
False
Is 10211 prime?
True
Is 35195 prime?
False
Is 7177 a prime number?
True
Is 25019 composite?
True
Is 57593 a prime number?
True
Is 9017 composite?
True
Is 22807 prime?
True
Is 199 prime?
True
Is 272053 a prime number?
True
Is 13379 prime?
False
Is 23369 a composite number?
False
Is 79267 a prime number?
False
Is 202087 a composite number?
False
Is 5513 a prime number?
False
Is 90106 a prime number?
False
Is 274487 composite?
True
Is 105019 composite?
False
Is 5299 a prime number?
False
Is 4934 composite?
True
Is 27139 composite?
True
Is 5963 composite?
True
Is 7114 a composite number?
True
Is 67601 a composite number?
False
Is 5663 prime?
False
Is 34417 composite?
True
Is 613 a composite number?
False
Is 403 prime?
False
Is 40189 composite?
False
Is 144241 a composite number?
False
Is 12891 a prime number?
False
Is 52021 composite?
False
Is 145589 a prime number?
True
Is 9166 composite?
True
Is 163973 prime?
True
Is 804409 composite?
False
Is 3799 prime?
False
Is 879463 prime?
False
Is 200427 a prime number?
False
Is 637249 a prime number?
False
Is 10883 a composite number?
False
Is 216371 a prime number?
True
Is 16438 a composite number?
True
Is 9311 composite?
False
Is 7789 a prime number?
T